s the greatest common factor of 102858 and 553?
553
What is the highest common divisor of 167772 and 123?
123
Calculate the highest common divisor of 1324 and 164.
4
What is the greatest common divisor of 456 and 5299024?
152
Calculate the greatest common factor of 14491 and 8342.
43
Calculate the greatest common factor of 187 and 430763.
17
Calculate the greatest common factor of 309 and 1409349.
309
Calculate the greatest common divisor of 1379 and 917.
7
What is the greatest common divisor of 282 and 114351?
141
Calculate the greatest common factor of 52292 and 816.
68
Calculate the highest common divisor of 3356 and 1948.
4
Calculate the greatest common factor of 895992 and 48.
24
What is the greatest common factor of 31990 and 1260?
70
Calculate the greatest common factor of 127761 and 2109.
111
What is the greatest common factor of 3000 and 1818750?
750
What is the highest common factor of 525 and 220200?
75
What is the highest common divisor of 13464 and 1012?
44
What is the highest common factor of 1989 and 116433?
153
Calculate the greatest common factor of 150737 and 11666.
307
What is the greatest common factor of 253641 and 2?
1
Calculate the highest common divisor of 6696 and 89931.
93
What is the highest common divisor of 749984 and 1472?
736
Calculate the highest common divisor of 239252 and 104.
52
Calculate the highest common divisor of 12 and 32876.
4
What is the greatest common divisor of 12184 and 32?
8
Calculate the greatest common factor of 22784 and 5162.
178
What is the highest common factor of 497091 and 21?
21
What is the greatest common divisor of 869484 and 1386?
462
Calculate the greatest common divisor of 134 and 286894.
134
What is the highest common factor of 1024 and 712?
8
What is the greatest common factor of 5016 and 19095?
57
Calculate the greatest common divisor of 30 and 2892680.
10
What is the highest common divisor of 8 and 234424?
8
Calculate the greatest common divisor of 38514 and 2548.
98
Calculate the highest common divisor of 60504 and 72.
24
What is the highest common divisor of 7363 and 138504?
199
What is the greatest common divisor of 1780 and 11926?
178
What is the greatest common divisor of 75 and 48725?
25
What is the highest common factor of 4280 and 837168?
856
What is the greatest common factor of 13735 and 1139?
67
What is the greatest common divisor of 25483 and 119?
17
Calculate the greatest common divisor of 2100 and 8925.
525
Calculate the highest common factor of 29045 and 31635.
185
Calculate the greatest common factor of 347 and 1349483.
347
Calculate the highest common factor of 8052 and 924.
132
Calculate the highest common divisor of 28382 and 368.
46
What is the greatest common divisor of 39442 and 60762?
1066
What is the greatest common divisor of 22 and 87109?
11
Calculate the highest common factor of 64 and 51264.
64
Calculate the highest common divisor of 1022368 and 129.
43
Calculate the highest common factor of 59480 and 40.
40
Calculate the greatest common divisor of 9231852 and 84.
84
What is the greatest common divisor of 135 and 3420?
45
Calculate the highest common factor of 1886 and 19598.
82
Calculate the greatest common factor of 6727 and 77.
7
What is the highest common factor of 1350 and 12450?
150
Calculate the highest common factor of 27333 and 585.
9
Calculate the highest common divisor of 76 and 35378.
38
Calculate the greatest common divisor of 33 and 39380.
11
What is the greatest common factor of 28434 and 3486?
42
Calculate the greatest common factor of 66932 and 4292.
116
What is the highest common factor of 34 and 2750192?
34
Calculate the greatest common divisor of 31710 and 70.
70
Calculate the greatest common factor of 1806096 and 382.
382
Calculate the greatest common factor of 1169 and 72144.
167
What is the highest common factor of 5519910 and 946?
946
Calculate the highest common factor of 613235 and 1225.
245
Calculate the greatest common factor of 391 and 57132.
23
What is the highest common factor of 342 and 69522?
6
What is the highest common factor of 55 and 2741?
1
What is the highest common factor of 18 and 2397834?
18
Calculate the highest common divisor of 188514 and 162.
54
What is the greatest common divisor of 10496 and 4096?
256
What is the highest common factor of 3306 and 870?
174
What is the greatest common divisor of 6662 and 20?
2
What is the highest common divisor of 57272 and 40?
8
Calculate the greatest common factor of 180 and 106965.
45
Calculate the highest common divisor of 1624345 and 5.
5
What is the highest common factor of 30 and 61195?
5
What is the greatest common factor of 12 and 18543?
3
Calculate the highest common factor of 32549 and 1331.
121
What is the highest common factor of 556 and 3753?
139
Calculate the greatest common factor of 35979 and 1206.
201
Calculate the greatest common factor of 111479 and 451.
41
What is the highest common divisor of 3000 and 384?
24
What is the greatest common factor of 6050 and 130?
10
What is the highest common divisor of 2344 and 1667170?
586
What is the highest common divisor of 6116 and 33?
11
Calculate the greatest common divisor of 13400 and 136.
8
What is the greatest common factor of 90286 and 140?
14
Calculate the highest common divisor of 185532 and 192.
12
What is the greatest common factor of 99740 and 44?
4
What is the highest common factor of 173488 and 14?
14
Calculate the greatest common divisor of 6 and 3310.
2
What is the highest common factor of 756 and 517428?
108
Calculate the highest common divisor of 37570 and 204.
34
Calculate the highest common divisor of 26532 and 5092.
268
What is the highest common factor of 128 and 263872?
64
Calculate the greatest common divisor of 31960 and 2585.
235
Calculate the highest common divisor of 44 and 151502.
2
Calculate the greatest common factor of 728 and 892801.
91
What is the highest common factor of 2 and 9817?
1
What is the highest common factor of 1076 and 495229?
269
Calculate the greatest common divisor of 388675 and 21.
7
What is the highest common divisor of 2810176 and 38?
38
Calculate the greatest common factor of 3096 and 117992.
344
What is the highest common divisor of 391680 and 2856?
408
Calculate the greatest common divisor of 70591 and 657.
73
Calculate the greatest common divisor of 2527 and 417316.
361
Calculate the greatest common divisor of 60569 and 74.
37
Calculate the greatest common factor of 5868 and 558.
18
Calculate the highest common factor of 501 and 30561.
501
What is the greatest common divisor of 1020297 and 2172?
543
Calculate the highest common factor of 6109 and 3874.
149
Calculate the greatest common factor of 2300 and 18768.
92
Calculate the highest common factor of 31598 and 366.
122
Calculate the greatest common factor of 1404 and 29328.
156
What is the greatest common divisor of 16430 and 19220?
310
What is the highest common factor of 648063 and 58?
29
Calculate the greatest common factor of 39 and 2325.
3
Calculate the greatest common factor of 8847352 and 8.
8
What is the greatest common factor of 23760 and 1056?
528
What is the highest common factor of 7308 and 1332?
36
Calculate the greatest common divisor of 5088 and 25281.
159
What is the highest common divisor of 39150 and 17280?
270
Calculate the highest common divisor of 698742 and 792.
198
What is the greatest common divisor of 3985 and 2?
1
Calculate the greatest common divisor of 9212 and 8477.
49
What is the greatest common divisor of 280951 and 121?
11
What is the highest common divisor of 10630 and 1070?
10
What is the highest common factor of 25556 and 4?
4
What is the highest common divisor of 2714 and 10384?
118
Calculate the greatest common divisor of 4541 and 6692.
239
Calculate the greatest common factor of 42 and 15750.
42
What is the highest common divisor of 22430 and 40?
10
Calculate the highest common divisor of 567 and 115465.
7
What is the greatest common factor of 94088 and 269884?
2476
What is the highest common factor of 1088 and 2616?
8
What is the highest common divisor of 72906 and 174?
174
What is the highest common divisor of 1 and 63421?
1
Calculate the greatest common factor of 42827 and 379.
379
Calculate the greatest common divisor of 6970644 and 344.
172
What is the greates